t + 5*b - 38 = b, 4*t + 2*b - 64 = 0. Suppose -3*k + 5*c = -t, 2 = k + 3*c - 3. Let o(z) = 2*z - 7. List the prime factors of o(k).
3
Suppose -3*i - 4*o = -35, 4*i + 0*i - o - 15 = 0. Let t = 14 - i. List the prime factors of t.
3
Let v = -169 - 35. List the prime factors of v/(-9) + (-4)/6.
2, 11
Suppose 0 = 5*s + 3 - 13. Let r be (-64)/(-36) + s/9. Suppose -2*l + 18 = -5*a + 2, -r*a = -4. What are the prime factors of l?
13
Suppose 5*h - 5 = 20. Suppose -3*u - 3 + 12 = 0, -5*g - h*u = -60. What are the prime factors of g?
3
Let p = 9 - 7. Suppose -l + 3*b + 18 = 0, p*l - 14 = -2*b - 2. What are the prime factors of l?
3
Let t(j) = 2*j**2 - 4*j + 3. What are the prime factors of t(2)?
3
Suppose -4*l + 27 - 11 = 0. Suppose j = -3*g - 0*g + 45, 3*g = l*j + 30. List the prime factors of g.
2, 7
Suppose 7*t + 7208 = 24*t. List the prime factors of t.
2, 53
Suppose -62 - 2 = -4*h. List the prime factors of h.
2
Suppose -3*u + 8*u - 10 = 0. List the prime factors of u/6 - 69/(-9).
2
Suppose 185 = -0*u + 4*u - 5*x, 4*u = 4*x + 180. What are the prime factors of u?
2, 5
Let u(n) = -3*n + 24. What are the prime factors of u(-11)?
3, 19
Let a(x) = 15*x**3 - 1. Let j be a(1). Suppose 5*p + u = j, 2*u + 0*u + 2 = 0. Suppose 2*h - p*h = -2*r - 2, -4*r = -8. What are the prime factors of h?
2, 3
Suppose 5*i + o + o + 215 = 0, 0 = i - 2*o + 43. Let w = -29 - i. What are the prime factors of w?
2, 7
Suppose 2*o + 146 - 664 = 0. What are the prime factors of o?
7, 37
Suppose -68 = -4*q - 3*i, -2*i = -3*q - 0*i + 34. List the prime factors of q.
2, 7
Let t(h) = -2*h**3 - 3*h**2 - 2*h - 3. Suppose 2*l = 10, -z + 3*l - 8*l + 23 = 0. Let w be t(z). Suppose w*c - 60 = c. What are the prime factors of c?
3, 5
Let p = 4 + 4. Suppose 0*j + 31 = 5*j + 4*a, 0 = -j + a + p. List the prime factors of j.
7
Let y = 132 + -95. List the prime factors of y.
37
Let o be (-2 + -426)*(-27)/(-12). What are the prime factors of 4/(-10) - o/45?
3, 7
Let x(n) = n**2 - 6*n - 2. Let c be x(7). Let m = -17 + c. What are the prime factors of (-128)/m + (-1)/(-3)?
11
Let s(d) = -d**3 + 9*d**2 + 9*d - 6. Let h be s(10). Let g(f) = -f + 8. List the prime factors of g(h).
2, 3
Let n(o) = o**2 + 2*o + 1 - 4*o + 2*o. Let z be n(3). Let i = z - 6. List the prime factors of i.
2
List the prime factors of 228/(-2 + 5)*26/8.
13, 19
Let l = -15 - -22. Let p(h) = -3*h**3 + 24*h**2 - 18*h + 20. Let t(w) = w**3 - 8*w**2 + 6*w - 7. Let d(a) = 4*p(a) + 11*t(a). List the prime factors of d(l).
2, 5
Suppose -4*j = -11 - 21. Suppose -y = -3, 0 = -2*a - y + 11 + j. List the prime factors of a.
2
Let b(o) = -o**3 + 9*o**2 - 8*o - 8. Let x(v) = v**2 + 1. Let k(m) = b(m) + 2*x(m). List the prime factors of k(10).
2, 7
Let h(a) = 2*a - 8. Let u be (-93)/(-9) + (-4)/12. What are the prime factors of h(u)?
2, 3
Suppose -3*q = 0, 0 = 5*c + 3*q - 6*q - 50. Let w = c - -3. What are the prime factors of w?
13
Suppose -12 = -4*h, -2*h + 9 + 0 = 3*z. List the prime factors of z - 2 - 9/(-1).
2
Let a(y) = -39*y + 36. What are the prime factors of a(-5)?
3, 7, 11
Let h be (27/18)/(2/4). Suppose 3*s - 2*y = 43, 4*y + 71 = 7*s - 2*s. Suppose -z = -h*b + s + 12, -5*z = 0. What are the prime factors of b?
3
Let f be (-2)/5 + 2/5. Let c = 8 + -4. Let t = c - f. What are the prime factors of t?
2
Let v(d) be the third derivative of -d**5/60 + 11*d**4/24 + d**3/3 - 8*d**2. List the prime factors of v(7).
2, 3, 5
Suppose 0 = -0*a - 4*a. Suppose -h + 3*j + 14 = a, h + 3*j - 1 - 1 = 0. List the prime factors of h.
2
Let l(n) = 13*n**2 + 3*n - 1. Let p be l(2). Suppose -3*t = -6*t + p. List the prime factors of t.
19
Suppose -5 = -0*y - 5*y. Suppose -p + 3 = 0, -4*z + 41 = -2*p - y. List the prime factors of z.
2, 3
Let o(p) be the first derivative of p**4/4 - 7*p**3/3 - 7*p**2/2 - p + 1. Suppose -4*q - 8 = -5*q. List the prime factors of o(q).
7
Let c(n) = -n**2 - 7*n + 5. Let r be c(-6). Suppose -r - 4 = -g. What are the prime factors of g?
3, 5
List the prime factors of 2/11 + 7446/187.
2, 5
Suppose 2 = 5*l - 3. What are the prime factors of 1*l/((-3)/(-48))?
2
Suppose o - 365 = -5*m - 3*o, -o + 149 = 2*m. What are the prime factors of m?
7, 11
Let w = 12 - 8. Suppose -3*s + 165 = -0*s. Suppose w*z = -z + s. What are the prime factors of z?
11
Let q(k) be the third derivative of k**6/120 + k**5/10 - k**4/8 - 4*k**3/3 + 4*k**2. List the prime factors of q(-6).
2, 5
Let z be 1*(-2 + 1 + 1). Suppose z = -2*c + c + 2. Suppose c*y - 6 = -2. List the prime factors of y.
2
Let q(n) = -2 + n + 2. What are the prime factors of q(7)?
7
Let p(o) = -o**3 + 3*o**2 + 5*o - 6. Let y be p(4). Let k be (-4)/y + 4 + -5. What are the prime factors of (68/16)/(k/4)?
17
What are the prime factors of 9 - 2/(-8)*0?
3
Suppose 6*m + 264 = 18*m. List the prime factors of m.
2, 11
Let l be -1*(-1)/(-1)*-35. Let s = l + 5. List the prime factors of s.
2, 5
Let u(g) be the first derivative of 3*g**2/2 - 3*g + 10. What are the prime factors of u(9)?
2, 3
Suppose 5*g + 4*b = 9 + 3, 2*b - 6 = -5*g. Let k = 2 + g. What are the prime factors of 8*1*1 + k?
2, 5
Suppose -5*t + 4 = -6. Let b be t/8 - 15/(-4). Suppose 2*p = -3*h + 26, -p - b*h + 12 = -3*h. List the prime factors of p.
2, 5
Let p be (0 - (-2)/(-4))*0. Suppose p = 3*r - 8 - 10. Let v = r - 3. What are the prime factors of v?
3
Let v be (-30)/(-18) - 1/(-3). Let j be v/6 + (-7)/3. List the prime factors of j + 3 + (-1 - -5).
5
Suppose -3*l = -o - 240, 2*o - 329 = -3*l - 80. List the prime factors of l.
3
Let b = 41 + -21. Let z be 2/(-7) + b/(-28). List the prime factors of (1 - z) + -5 - -21.
2, 3
Let k = 221 + -154. What are the prime factors of k?
67
Let y = -3 - -10. Suppose 3*w + 20 = y*w. List the prime factors of w.
5
Suppose -4*o = -5*u - 29, -o - 3*u - 9 = -u. Let x be (-4 + 3)/(o/(-5)). What are the prime factors of (x - 3 - -1) + 9?
2, 3
Let r(o) = 2*o**3 - 6*o**2 + 2*o + 2. Let f be r(4). Let u = f - 8. List the prime factors of u.
2, 17
Suppose 5*p - 1 = -3*t, 3*p + 4*t + 4 = -p. Suppose -i - 19 = i + 5*m, 2*i + p*m + 4 = 0. Let o = 7 + i. List the prime factors of o.
2, 5
Suppose -3*v = 2*v, 4*s + 2*v = 68. List the prime factors of s.
17
Let n = -7 - -19. Suppose 8 = 5*v - n. What are the prime factors of 8*(10/v - 2)?
2
Let p = 32 - 18. Suppose -19*t = -16*t - 6. Suppose j - 27 = t*c, 0 = 5*j - 3*c - 86 - p. List the prime factors of j.
17
Suppose -2*i - 2*o = 52, 3*i - 2*o = 2*o - 106. Let n = i - -62. List the prime factors of n.
2
Let d(y) = y**2 - 2. Let m be d(-3). Let v = m - 2. Suppose -v*n + 6 = -4. What are the prime factors of n?
2
Suppose 0*g + 3*g - 24 = 0. Let w be (-14)/(-4) + 4/g. Suppose x - 2*y + w = 0, -1 = 2*x + 2*x - 3*y. What are the prime factors of x?
2
Let u = -107 + 219. What are the prime factors of u?
2, 7
List the prime factors of (-2919)/(-147) - (-2)/14.
2, 5
Suppose -a = a - 6. Suppose a*u - 38 = 2*x, u - 2*u + 3*x = -15. List the prime factors of u.
2, 3
Let t = 24 - 19. Suppose -t*q + 2*q = -12. What are the prime factors of q?
2
What are the prime factors of ((-72)/14)/(6/(-28))?
2, 3
Let l = 6 + 2. Suppose 3*f + 19 = 4*v + l*f, -2 = 2*f. Suppose 39 = -3*h + v*h. What are the prime factors of h?
13
Let v(l) = l - 5. Let z be (2/6)/((-8)/(-216)). List the prime factors of v(z).
2
Let l be 2 - -1*(-2 + 0). Suppose 4*o - 20 = l, 28 = 2*k - k + 3*o. What are the prime factors of k?
13
List the prime factors of 1 + -37*(2 - 3).
2, 19
Let y = -51 + 181. What are the prime factors of y?
2, 5, 13
Suppose 0 = -2*c + 7*c. Suppose 5*r + 3*n - 46 = 37, -r + 4*n + 12 = c. List the prime factors of r.
2
Let k(r) = r + 1 + 1 - 2. Let i be k(-3). Let h(g) = -2*g - 1. List the prime factors of h(i).
5
Suppose -3*n - 62 = -2*c, c + 5*n = 24 + 7. List the prime factors of c.
31
Suppose -3*a + 65 = g, g = -2*g - 12. Let u = a - 4. List the prime factors of u.
19
Let n(u) = -40*u - 4. What are the prime factors of n(-3)?
2, 29
List the prime factors of (2/(-4))/((-1)/16).
2
Suppose -2 = -3*f - 4*i, -i - 15 = -5*f + 4*i. List the prime factors of f.
2
Let x(c) be the second derivative of 0 - 1/2*c**3 - 5/12*c**4 - 7/2*c**2 - c + 1/20*c**5. What are the prime factors of x(6)?
11
Suppose 2*o + 32 = 90. List the prime factors of o.
29
Suppose 3*m - 30 = -2*m. Suppose -6 =